= -j**2 + 11*j + 624. Calculate q(-20).
4
Let b(c) = -23*c + 233. What is b(11)?
-20
Let w(t) = t**3 + 6*t**2 - 6*t - 53. Give w(-5).
2
Let a(c) = 12*c**2 + 11*c - 19. Give a(2).
51
Let x(z) = -z**2 + z + 17. What is x(5)?
-3
Let z(l) = 8*l + 146. Calculate z(-20).
-14
Let s(o) = -o**3 + 2*o**2 + 14*o + 10. Determine s(5).
5
Let s(a) = 2*a**3 - 26*a**2 - 30*a + 6. Calculate s(14).
-22
Let u(w) = w**3 + 19*w**2 + 7. Calculate u(-19).
7
Let b(h) = -2*h**3 - 10*h**2 + 16*h + 8. What is b(-6)?
-16
Let j(v) = 4*v**2 + 93*v - 29. Give j(-24).
43
Let i(n) = -5*n**3 + 2*n**2 - 2. Calculate i(1).
-5
Let u(c) = 4*c + 30. What is u(-10)?
-10
Let j(d) = d**2 - 19*d + 19. Determine j(6).
-59
Let x(p) = p**3 + 8*p**2 + 17*p + 12. What is x(-4)?
8
Let c(a) = a**3 - 7*a**2 - 14*a - 4. What is c(9)?
32
Let a(v) = 11*v + 442. Determine a(-39).
13
Let a(i) = i**3 + 12*i**2 + 24*i + 12. Calculate a(-10).
-28
Let m(s) = -s**3 - 6*s**2 - 7*s - 14. Determine m(-5).
-4
Let s(v) = -5*v**2 - 44*v - 20. What is s(-8)?
12
Let y(j) = 7*j - 53. Give y(7).
-4
Let c(v) = v**2 - v + 50. What is c(0)?
50
Let k(u) = -14*u - 303. Give k(-22).
5
Let s(x) = 3*x - 73. What is s(17)?
-22
Let v(b) = b**2 - 20*b - 31. What is v(21)?
-10
Let a(t) = -t**3 + 9*t**2 - 2*t - 8. Give a(9).
-26
Let z(v) = 3*v + 29. Calculate z(-8).
5
Let x(l) = -7*l**2 - 27*l + 3. Calculate x(-5).
-37
Let h(x) = 4*x - 21. Calculate h(11).
23
Let a(c) = -c**3 + 6*c**2 + 20*c - 31. Determine a(8).
1
Let n(k) = -2*k**2 + 17*k + 8. What is n(9)?
-1
Let c(h) = -h**3 - 5*h**2 + 8*h - 7. Determine c(-7).
35
Let s(k) = -k**3 - k**2 + k - 1. Determine s(1).
-2
Let b(v) = -v**2 + 6*v + 20. Calculate b(11).
-35
Let o(x) = 4*x - 3. Calculate o(-6).
-27
Let m(s) = -s**2 + 17*s - 36. Give m(15).
-6
Let a(n) = n**3 + 2*n**2 + 4*n + 3. Give a(-2).
-5
Let i(l) = -l**2 - 17*l - 1. Give i(-7).
69
Let h(w) = -w - 2. Give h(-5).
3
Let c(m) = m**3 - 4*m**2 - 4*m + 3. Determine c(5).
8
Let i(n) = n**3 - 20*n**2 + 34*n + 37. What is i(18)?
1
Let l(y) = -4*y - 25. Determine l(-8).
7
Let p(b) = 5*b - 129. What is p(28)?
11
Let s(x) = -x**2 + 20*x + 62. Give s(25).
-63
Let w(q) = -q**3 + 12*q**2 + 12*q + 12. Calculate w(13).
-1
Let d(m) = 6*m**2 - 191*m - 39. Calculate d(32).
-7
Let n(z) = 25*z**2 + 2*z + 5. What is n(-2)?
101
Let l(r) = -r**3 + 2*r**2 + 4*r + 3. Calculate l(-2).
11
Let q(c) = c**2 + 8*c - 23. Calculate q(4).
25
Let u(h) = h**3 - h + 3. What is u(3)?
27
Let b(i) = i**3 + 13*i**2 + i + 10. Determine b(-13).
-3
Let i(c) = -c**2 - 2*c - 2. Determine i(-1).
-1
Let z(n) = n + 14. What is z(7)?
21
Let c(w) = w**2 - 7*w + 9. Give c(5).
-1
Let t(s) = -5*s - 108. Determine t(-20).
-8
Let g(q) = 4*q**2 - 9*q + 4. Give g(4).
32
Let q(g) = 3*g - 2. Calculate q(-5).
-17
Let h(y) = -3*y - 52. Give h(-25).
23
Let s(n) = -13*n + 847. Determine s(64).
15
Let m(i) = -32*i**2 + 37*i - 3. Calculate m(1).
2
Let m(r) = 20*r + 1080. Give m(-54).
0
Let d(q) = q**2 - 11*q + 30. Give d(11).
30
Let a(f) = -f**2 + 7*f + 11. Determine a(8).
3
Let b(z) = z**3 - 10*z**2 - 25*z + 6. Give b(12).
-6
Let x(z) = -z**3 - 6*z**2 - 6*z + 1. Give x(-5).
6
Let d(x) = x**2 - 2*x + 1. Calculate d(-5).
36
Let n(l) = -l**2 - 17*l - 29. Give n(-17).
-29
Let x(h) = h**2 - 3*h + 11. Calculate x(-7).
81
Let p(d) = d**2 + 12*d + 24. Calculate p(-10).
4
Let p(t) = -t**3 + 29*t**2 - 24*t - 130. What is p(28)?
-18
Let j(v) = v**3 + 5*v**2 + 10*v + 11. What is j(-3)?
-1
Let c(z) = z**2 + 4*z - 17. What is c(-5)?
-12
Let w(x) = 23*x - 2. Calculate w(1).
21
Let d(t) = 164*t + 6. What is d(-1)?
-158
Let h(u) = -6*u**2 - 4. Give h(2).
-28
Let b(x) = 5*x + 31. Give b(-8).
-9
Let w(z) = -2*z**2 + 14*z + 53. What is w(9)?
17
Let a(f) = f**3 + 9*f**2 + 13*f - 1. Calculate a(-7).
6
Let m(s) = -s**3 - 7*s**2 + 120*s - 12. Calculate m(8).
-12
Let q(p) = -p**3 - 8*p**2 + 9*p + 6. Calculate q(-9).
6
Let j(w) = 2*w + 4. Calculate j(-4).
-4
Let z(m) = -6*m - 11. What is z(-2)?
1
Let q(b) = b - 13. Give q(9).
-4
Let b(s) = s**3 + 3*s**2 - 3. Determine b(2).
17
Let u(q) = 4*q**2 + 23*q + 1. What is u(-5)?
-14
Let k(l) = -8*l + 120. What is k(0)?
120
Let k(q) = 5*q**2 - 3*q + 1. Give k(1).
3
Let n(q) = -q**2 + 5*q + 9. Calculate n(7).
-5
Let z(i) = i**2 - 3*i. Determine z(4).
4
Let q(z) = 4*z - 3. Calculate q(8).
29
Let s(v) = 5*v - 59. Calculate s(13).
6
Let l(n) = -18*n + 272. Calculate l(16).
-16
Let n(d) = -d**3 + 4*d**2 - 4*d - 3. What is n(4)?
-19
Let z(y) = y**3 - 14*y**2 + 12*y + 21. Calculate z(13).
8
Let d(w) = w**3 - 14*w**2 + 14*w - 12. Calculate d(13).
1
Let y(r) = r**2 - 14*r - 11. What is y(13)?
-24
Let i(a) = -3*a + 93. What is i(32)?
-3
Let q(j) = -j**3 + 11*j**2 + j - 6. What is q(11)?
5
Let d(x) = -x**3 + 5*x**2 - 3. Determine d(4).
13
Let c(g) = -g**2 - 12*g. Calculate c(-12).
0
Let h(i) = i**3 + 31*i**2 + i + 30. Calculate h(-31).
-1
Let i(o) = o**2 + 2*o - 4. Determine i(-4).
4
Let v(s) = 17*s**2 + 25*s - 24. Determine v(1).
18
Let f(c) = c**2 - 3*c - 5. What is f(0)?
-5
Let a(g) = g**3 - 15*g**2 - g + 16. Calculate a(15).
1
Let o(v) = v**2 - 8*v - 2. Give o(10).
18
Let y(w) = -14*w - 542. Determine y(-38).
-10
Let g(p) = -10*p + 11. Give g(-5).
61
Let g(j) = -3*j**3 + 34*j**2 - 10*j - 11. Determine g(11).
0
Let a(q) = 6*q**2 - 17*q - 34. Determine a(4).
-6
Let f(r) = r**2 + r - 49. Determine f(0).
-49
Let t(m) = -7*m**2 - 4*m - 6. What is t(-3)?
-57
Let f(z) = z**3 - 10*z**2 + 3*z - 2. Calculate f(7).
-128
Let s(x) = x**3 + 19*x**2 + 34*x + 24. Calculate s(-17).
24
Let j(f) = 2*f - 6. Determine j(7).
8
Let g(a) = 4*a**3 - 2*a**2 - 5*a + 6. What is g(-2)?
-24
Let n(p) = -p**3 - 10*p**2 + 5*p - 27. Calculate n(-11).
39
Let r(o) = -o**2 - 9*o + 33. What is r(-11)?
11
Let f(d) = 10*d - 5. Determine f(-8).
-85
Let m(i) = -i**3 + 4*i**2 + 3. Give m(3).
12
Let p(z) = -z**3 + 13*z**2 - 12*z - 8. Give p(12).
-8
Let n(v) = 5*v + 62. Calculate n(-15).
-13
Let p(t) = t**2 - 48. Give p(0).
-48
Let p(x) = -x**3 + 6*x**2 - 4. Give p(4).
28
Let i(b) = -2*b**3 + 15*b**2 + 37*b - 97. Calculate i(9).
-7
Let d(o) = o**3 - 7*o**2 + o - 16. Give d(7).
-9
Let h(t) = -21*t + 9. What is h(0)?
9
Let l(n) = n**2 - 10*n + 21. Calculate l(2).
5
Let a(s) = s**2. Calculate a(-3).
9
Let b(g) = g**2 + 10*g + 11. Determine b(-11).
22
Let j(x) = -x**3 - x**2 + 32*x - 19. Determine j(5).
-9
Let d(c) = -2*c**2 + 12*c - 5. Determine d(6).
-5
Let o(s) = 5*s - 101. Calculate o(22).
9
Let c(s) = -4*s**3 + 31*s**2 + 10*s + 7. Determine c(8).
23
Let g(x) = -51*x**2 - 1. What is g(1)?
-52
Let i(h) = h**3 + 16*h**2 + 19*h + 2. Calculate i(-14).
128
Let n(v) = 8*v - 35. Give n(6).
13
Let p(a) = -4*a - 8. Calculate p(-7).
20
Let h(m) = -8*m + 17. Calculate h(14).
-95
Let d(w) = -4*w - 3. Determine d(2).
-11
Let g(k) = -8*k + 24. What is g(7)?
-32
Let g(d) = -d**2 - 13*d - 5. Determine g(-12).
7
Let g(s) = -s**2 - 15*s - 8. Give g(-11).
36
Let k(z) = -2*z**3 + 2*z**2 + 6. Calculate k(-3).
78
Let i(u) = -u**3 + 8*u**2 - 13*u - 1. What is i(6)?
-7
Let c(a) = a**3 - 5*a**2 + a + 1. Give c(5).
6
Let r(g) = 2*g + 1. What is r(-1)?
-1
Let y(v) = 3*v + 44. Calculate y(-15).
-1
Let k(c) = 2*c**3 + 35*c**2 + 19*c + 20. Calculate k(-17).
-14
Let i(z) = -z + 8. Give i(0).
8
Let f(b) = -7*b - 6. Determine f(-4).
22
Let w(d) = d**3 + 3*d**2 - 9*d - 1. What is w(-5)?
-6
Let x(q) = -q**2 - 3*q - 15. Calculate x(-8).
-55
Let f(i) = -i**3 + 64*i**2 - 347*i - 5. What is f(6)?
1
Let i(n) = n**2 + 48. What is i(0)?
48
Let s(o) = o**3 + 7*o**2 - 6*o + 9. What is s(-8)?
-7
Let d(i) = -i - 5. Calculate d(0).
-5
Let x(w) = -20*w**2 + 3*w + 1. Calculate x(-1).
-22
Let m(x) = x**2 + 5*x - 5. Calculate m(-7).
9
Let i(v) = 2*v**3 + 6*v**2 + 5*v + 3. Determine i(-4).
-49
Let i(h) = h**3 + 6*h**2 + 2*h + 9. What is i(-6)?
-3
Let z(g) = -3*g**3 - 3*g - 3. Give z(-1).
3
Let s(t) = -24*t + 1. Give s(1).
-23
Let m(i) = 6*i - 17. What is m(7)?
25
Let u(b) = -3*b**3 + b**2 - 2*b - 4. Determine u(3).
-82
Let n(u) = -2*u**2 + 79. Give n(6).
7
Let p(l) = -l**3 + 15*l**2 + 22*l + 29. Determine p(16).
125
Let i(r) = -r**3 - 3*r**2 + 6*r + 1. Give i(-5).
21
Let p(x) = -10*x - 14. Determine p(-7).
56
Let m(x) = -2*x**2 + x - 4. Calculate m(-5).
-59
Let l(z) = z**3 - 3*z**2 + 3*z - 8. What is l(3)?
1
Let j(s) = -s**2 + 9*s + 3. Determine j(7).
17
Let 